) = -2*o + 10. Calculate c(k).
-6
Let z(m) = m**2 + 3*m + 5. Let h(f) = -f**2 - 25*f - 19. Let y = -53 - -30. Let o be h(y). Let r be (-99)/o + (-3)/9. Calculate z(r).
9
Let d(h) be the first derivative of 167 + 46*h + 2*h**2 - 4*h**2 - 56*h. Determine d(-3).
2
Let v = 58 + -54. Suppose l + 2*p + 8 = 0, 3*l + 0*l + v*p = -14. Suppose 4*g = 5*x + 5, 0*x + l*x + 2 = -2*g. Let w(t) = 5*t**2 - 1. Calculate w(x).
4
Let h(q) = -3*q - 50. Let r(o) = o + 16. Let p be r(-34). Give h(p).
4
Let l(x) = -2*x**3 - 7*x**2 - 4*x + 1. Let c(z) = z**3 + 6*z**2 + 3*z. Let w(o) = -3*c(o) - 2*l(o). Let j = -653 - -657. What is w(j)?
-6
Let i(w) = 201*w**3 + 16*w**2 - 202*w**3 - 23 + 71*w - 34*w. Calculate i(18).
-5
Let t(j) = 3*j + 20. Suppose 136*i + 264 = 48*i. What is t(i)?
11
Let u = 35 - 94. Let y = -56 - u. Let g(d) = -7*d**2 + 13*d. Let m(t) = -12*t**2 + 23*t - 1. Let h(s) = -5*g(s) + 3*m(s). Determine h(y).
0
Let k = -8 + 4. Let p(q) be the second derivative of q**2 + 0 + 7*q + 2/3*q**3. Determine p(k).
-14
Suppose 0 = 3*v + 2*o + 8, 3*v + 3*o + 12 = 7*v. Suppose 0 = -2*g - 5*a - 18 + 23, 5*g + a - 24 = v. Let b(s) = s - 1. Give b(g).
4
Let w(t) = -323*t + 5511. Let l be w(17). Let c(p) = p**2 - 20*p + 53. Give c(l).
53
Suppose 5*t - 60 = f, 2*t + 0*t - 12 = -2*f. Let m(x) = 5 + 10*x + 55*x**2 - 26*x**2 - 30*x**2. What is m(t)?
-6
Let s(t) = -46*t + 10*t + 7*t + 12*t + 13*t - 23. Determine s(-10).
17
Let j(t) = 3*t - 3*t - 12*t. Let l be 15/9 + (-53)/3. Let n(c) = c**2 + 17*c + 17. Let h be n(l). Determine j(h).
-12
Let u(t) be the second derivative of t**5/20 - t**4/12 - 29*t**3/6 - t**2/2 + 3*t + 425. Calculate u(6).
5
Let f(y) = y**3 - 6*y**2 - y + 2. Let d be (-168)/(-16) + 3/(-6). Let b be -5 + 7 - (4 + 0). Let o be (66/(-55))/(b/d). Give f(o).
-4
Let k = -52 - -26. Let m = 44 + k. Let d = m - 22. Let w(j) = 4*j + 4. Determine w(d).
-12
Let g(w) = 5*w - 4. Let f(o) = -4*o + 5. Let i = -246 + 242. Let s(u) = i*f(u) - 3*g(u). What is s(9)?
1
Let j(y) = -y + 2. Let r(o) = 16*o**2 + 17*o + 1. Let t(s) = -30*s**2 - 33*s - 2. Let d(h) = 11*r(h) + 6*t(h). Let a be d(-3). Give j(a).
6
Let p(g) = 22*g - 247 - 30*g - 8*g**2 - g**3 + 240. Suppose -2*l + 14 = -4*l. Determine p(l).
0
Suppose -70 = 3*l + 20. Let d = -20 - l. Suppose -2*r = -d*r + 48. Let h(g) = g**3 - 5*g**2 - 8*g + 4. What is h(r)?
-8
Suppose 7*z = 14*z - 77. Let q(v) = v**2 + z - v - 24 + 11. What is q(3)?
4
Let o(b) = -b**2 + 9*b - 3. Let q(d) = d**3 + 113*d - 66*d - 6 - 11*d**2 - 72*d. Let w be q(13). Determine o(w).
11
Let c(l) = -83*l**3 + 0*l**2 + 9 - 11*l**2 + 14*l + 156*l**3 - 10*l**2 - 71*l**3. Give c(10).
49
Let h = 345 - 329. Let c(u) = h*u - 15 + 31 - 14. Determine c(2).
34
Let o(k) = -2*k**3 + k**2 + 11. Let m be 6 + 2 + (-42 - -34). Calculate o(m).
11
Suppose 5*l - 1 - 14 = 0. Let k(b) = -5*b**3 - 30*b**2 + 4*b + 1. Let n(t) = 4*t**3 + 22*t**2 - 4*t. Let i(z) = -3*k(z) - 4*n(z). What is i(l)?
0
Let c(r) = 2*r**3 + 725*r**2 + 54*r - 3. Let j(d) = d**3 + 295*d**2 + 27*d - 2. Let v(b) = -2*c(b) + 5*j(b). What is v(-24)?
-76
Let b(i) be the third derivative of -i**8/20160 + 11*i**7/5040 - 7*i**6/720 + 113*i**5/60 + 17*i**2. Let s(f) be the third derivative of b(f). What is s(11)?
-7
Let t(z) = 3*z**2 + 19*z + 16. Let a(j) = -17*j**2 - 100*j - 82. Let r(u) = -2*a(u) - 11*t(u). Calculate r(-4).
40
Let n(s) = -s**2 + 7*s - 2. Let t(r) = -r + 4. Suppose -9 + 17 = -4*g. Let x be t(g). What is n(x)?
4
Let t(d) = -17*d**3 + 5*d**2 - 4*d + 15. Let s(m) = 62*m**3 - 22*m**2 + 18*m - 60. Let c(b) = -3*s(b) - 11*t(b). What is c(-12)?
-9
Let x be (-28)/(-49) - 1287/231. Let p(k) = -2*k**2 - 5*k + 12. Calculate p(x).
-13
Let d(o) be the first derivative of -o**4/4 + 7*o**3/3 + 7*o**2/2 - 4*o - 4731. Give d(8).
-12
Let f(k) = 86 - 42 - 44 + k - 19*k**2. Let m(r) = 4*r**3 + r**2 - 1. Let t be m(1). Suppose -3*v = -7*v + t. Determine f(v).
-18
Let k(d) = -18*d - 202. Suppose -43*o - 2*f + 55 = -48*o, -44 = 4*o + 5*f. Determine k(o).
-4
Let a(p) = p**3 + 7*p**2 - 3*p - 7. Suppose 3*q - 51 = -3*z, z - 86 = -3*z + 2*q. Let n = -8 - 19. Let x = n + z. Give a(x).
14
Let i(q) be the third derivative of 1/12*q**4 + 4*q + 11/6*q**3 + 2*q**2 + 0. What is i(-9)?
-7
Let b be 6/(441/(-252)*(-54)/14 - 7). Let u(o) = -o**2 - o + 561. What is u(b)?
9
Suppose 46*l - 101*l - 275 = 0. Let c(v) = -2*v**2 + 4*v**2 + 833 - 4*v - 830 - 3*v**2. Calculate c(l).
-2
Let l = 443 + -431. Let h(t) = -t**3 + 5*t**2 - 7*t**2 - l*t - 2 + 5*t - 3*t + 5*t. Calculate h(-2).
8
Suppose 3*i = -19*i + 72*i + 185*i. Let c(j) = j**3 - 2*j + 2. Calculate c(i).
2
Suppose 0 = -4*k, 0 = 3*z - z - k - 10. Suppose 262 = z*c - 63. Let m(v) = -71 - 6*v + 4*v + c + v. Determine m(-5).
-1
Let a(k) = -3*k**3 - 2*k**2 + k. Let v = -411 + 732. Let x = v - 320. Determine a(x).
-4
Let u(s) = s - 2. Let l(w) = 65 + 67 - 134. Let a(f) = -f**2 + 9*f - 5. Let y be a(8). Let c(b) = y*l(b) - 2*u(b). What is c(4)?
-10
Let r(v) = 4*v**3 - 6*v**2 + 6*v. Let d(q) = -13*q**3 + 19*q**2 - 19*q. Let t(k) = 2*d(k) + 7*r(k). Let x(n) = -38*n - 188. Let h be x(-5). Calculate t(h).
8
Let g(k) = -14 - 23 + 18 + 240*k - 221*k. What is g(3)?
38
Let b = -838 + 834. Let o(m) = -3*m**3 - 9*m**2 - 5*m - 5. Determine o(b).
63
Let d = -15751 - -15770. Let s(z) = z**3 - 18*z**2 - 16*z - 5. Give s(d).
52
Let j(a) = 6*a**2 + 152*a - 83. Let h(c) = -4*c**2 - 99*c + 55. Let g(u) = 8*h(u) + 5*j(u). What is g(-17)?
-9
Let d(z) = 5*z - 1. Let l(s) = -11*s + 2. Let g(m) = m**3 + 5*m**2 - 16*m - 5. Let f be g(-7). Let p(j) = f*d(j) + 4*l(j). Give p(-4).
-5
Let i(l) be the first derivative of l**4/4 + 11*l**3/3 - 27*l**2/2 - l - 61. Let n = 389 - 402. Calculate i(n).
12
Let b(w) = -63 - 126 - 106 + 10*w + 382 - 109 - 4*w**2. Calculate b(5).
-72
Let h be (13 - 12)/((-1)/(-4)). Suppose -7*g + 4*g + 6 = -h*t, 0 = -4*g - 8. Let m(q) = 15*q + 4. What is m(t)?
-41
Suppose 0 = -5*u + 3*h - 165, 5*h = -5*u - 100 - 25. Let k(o) = 4*o**2 + 119*o - 32. Give k(u).
-2
Let u(p) be the first derivative of -5/3*p**3 + p**2 - p + 2. Let d(z) = -2*z**3 - 53*z**2 - 14*z + 313. Let s be d(-26). What is u(s)?
-4
Let c(n) = -161*n + 1288. Let k be (-21)/70*(-48)/36*20. Give c(k).
0
Let m(v) be the first derivative of 9*v - 33 - 1/6*v**3 - 1/20*v**5 + 1/2*v**4 - v**2. Let z(d) be the first derivative of m(d). Give z(6).
-8
Let z(a) = -a**2 + 4*a - 3. Let i be z(2). Suppose -m = -i - 6. Let k(x) = -21*x**2 + 2 + 2 + 6*x + x**2 + 0*x + 19*x**2. What is k(m)?
-3
Let x(k) = -2*k + 7. Suppose 2 = 2*m - 2, 2*m = -3*y + 13. Let l be x(y). Let d be l/((-26)/(-4)) + 45/(-39). Let q(w) = -16*w**3 - w**2 - w. What is q(d)?
16
Let x(f) be the third derivative of -f**6/120 - 7*f**5/60 - f**4/6 - f**3 - 8*f**2 - 7*f. Let q(v) = -v**3 + 9*v**2 - 16*v + 7. Let t be q(7). Give x(t).
22
Let t(m) = m**2 - 48*m + 16. Let h(y) = -24*y + 7. Let g(i) = -9*h(i) + 4*t(i). What is g(-7)?
29
Let o(q) = 4*q + 29. Let k(t) = t + 8. Let y be -8 - 9*(-10)/6. Let r(c) = y*k(c) - 2*o(c). Determine r(3).
-5
Let x(f) be the second derivative of -f**4/12 - 29*f**3/6 + 137*f**2/2 + 1377*f. Determine x(4).
5
Let v = -21 + 51. Suppose v*n + 20 = 31*n. Let m(a) = 25*a + 8 - n*a - 9*a**3 + 11*a**3 + 8*a**2 - a**3. Give m(-7).
22
Let v(s) = 432*s**2 + s - s**3 - 4 - 1296*s**2 + 428*s**2 + 435*s**2. Calculate v(-2).
-2
Let m be 6/(-1) - (60 - 68). Let h(j) be the first derivative of 9*j - 8/3*j**3 - 3*j**m - 1/4*j**4 + 3. What is h(-7)?
2
Let g(k) be the second derivative of 0*k**4 - 6*k + 1/10*k**5 + 3/2*k**2 + 0 - 1/3*k**3. Determine g(2).
15
Let s = -352 + 428. Let c(f) = f**2 - 4 + 79*f - 7 - s*f. Give c(-6).
7
Let r = 7667 - 7669. Let c(s) = s**3 + 3*s**2 + 8*s. Determine c(r).
-12
Let j(t) = -t**2 - 6*t - 3. Let h be 2980/120 + (-1)/(-6). Suppose -24*v + h*v = 3. Suppose 0 = 2*u + 6, 0 = -7*k + 2*k + v*u - 6. Calculate j(k).
6
Let j(u) be the second derivative of -u**3/2 + 5*u**2 - 65*u + 11. Determine j(11).
-23
Let t(k) = -k - 11. Suppose -7*z - 4*u + 84 = -5*z, -122 = -3*z - 2*u. Suppose 3*b = 2*b - 3*c - 4, -5*c + z = -3*b. Give t(b).
-1
Let n(l) = l**3 + 10*l**2 - 13*l - 21. Let j(p) = 11*p**3 - 4*p**2 - 7*p - 3. Let o be j(-1). Calculate n(o).
1
Let c(z) = 18*z - 325 - 2*z + 16*z + 10*z. Calculate c(8).
11
Let s(q) = 4*q**2 + q + 22. Let g(t) =